= 61*j**2 - 139*j + 608. What is w(4)?
1028
Let p(k) = -k**3 + 27*k**2 + 218*k - 7084. Give p(24).
-124
Let v(a) = a**3 - 27*a**2 - 1602*a + 33264. Calculate v(19).
-62
Let q(f) = -2092*f + 188341. Determine q(90).
61
Let t(h) = 2802*h + 7759. Determine t(-3).
-647
Let u(f) = -2276*f - 912. Give u(-1).
1364
Let z(m) = -74*m**2 + 303*m - 2499. Determine z(9).
-5766
Let l(w) = -6445*w - 12807. Give l(-2).
83
Let c(y) = y**3 - 6*y**2 - 1090*y - 235. Determine c(-30).
65
Let k(n) = -n**3 + 307*n**2 - 8864*n + 2052. Give k(32).
4
Let u(j) = 21*j**2 + 8291*j - 33184. Calculate u(4).
316
Let q(m) = 425*m - 67559. What is q(159)?
16
Let w(b) = 315*b - 3437. Give w(14).
973
Let n(d) = -651*d + 41096. Determine n(63).
83
Let x(n) = 5182*n - 15647. What is x(3)?
-101
Let m(c) = -13*c**3 + 84*c**2 - 85*c - 1. What is m(1)?
-15
Let y(o) = 1514*o**2 - 62059*o - 608. What is y(41)?
7
Let c(v) = -8*v**3 - 386*v**2 - 87*v - 1. What is c(-48)?
-433
Let o(j) = -8*j**2 - 2868*j - 191890. Calculate o(-89).
-6
Let m(k) = -70165*k - 350819. Calculate m(-5).
6
Let d(j) = -307*j - 9342. Determine d(-31).
175
Let t(s) = -4294*s - 343313. Give t(-80).
207
Let a(c) = -6*c**3 + 100*c**2 + 153*c - 99. What is a(18)?
63
Let d(j) = -9085*j + 52124. What is d(6)?
-2386
Let g(h) = 86*h + 3637. Determine g(-45).
-233
Let h(v) = -v**2 + 2882*v + 14415. Determine h(-5).
-20
Let i(j) = 14157*j - 254887. Give i(18).
-61
Let z(l) = -13*l**2 + 2674*l - 71689. Determine z(174).
-1
Let o(w) = -w**3 - 13*w**2 + 137*w - 51. What is o(8)?
-299
Let j(k) = -8*k**2 + 807*k - 11862. What is j(83)?
7
Let w(f) = -f**2 + 502*f - 20391. Determine w(44).
-239
Let p(w) = -29*w**3 - 724*w**2 + 37*w + 2. What is p(-25)?
-298
Let i(w) = 1988*w + 1162984. Give i(-585).
4
Let u(y) = -450*y**2 + 641*y + 14. Give u(4).
-4622
Let b(o) = 4872*o + 638274. Give b(-131).
42
Let q(j) = j**3 + 335*j**2 + 27347*j - 1358. What is q(-194)?
0
Let y(t) = 19*t**2 + 13177*t - 106652. Calculate y(8).
-20
Let f(s) = s**3 + 60*s**2 - 781*s - 36. Calculate f(11).
-36
Let i(b) = b**3 - 35*b**2 - 1329*b - 287. What is i(58)?
3
Let g(h) = 3*h**2 + 1909*h - 41418. Calculate g(21).
-6
Let j(r) = -8*r**2 + 507*r - 2162. Determine j(4).
-262
Let f(n) = 2*n**3 - 51*n**2 + 158*n + 2230. What is f(17)?
3
Let f(d) = -d**3 - 441*d**2 + 39288*d - 2041. What is f(-517)?
27
Let h(b) = b**3 - 75*b**2 + 159*b - 952. Calculate h(73).
-3
Let v(w) = -216945*w + 1084727. What is v(5)?
2
Let h(i) = 160*i - 20760. Give h(125).
-760
Let j(b) = b**3 - 5*b**2 - 198*b + 2006. What is j(9)?
548
Let q(r) = 6*r**3 - 5*r**2 - 116*r - 2. Calculate q(-5).
-297
Let w(f) = 60185*f - 421267. Calculate w(7).
28
Let o(q) = -20*q**2 - 2520*q + 21489. Give o(8).
49
Let c(r) = -3*r**2 + 572*r - 16580. What is c(34)?
-600
Let m(z) = -10704*z - 813501. Give m(-76).
3
Let x(h) = 7*h**2 - 774*h - 255. Give x(111).
78
Let l(w) = 76*w**2 - 394*w - 122. Calculate l(5).
-192
Let v(x) = x**2 - 390*x + 15065. Determine v(44).
-159
Let l(p) = -2*p**3 - 190*p**2 + 1875*p + 346. Give l(-104).
34
Let v(f) = 26252*f + 157512. What is v(-6)?
0
Let s(t) = -4*t**3 - 77*t**2 + 80*t + 473. What is s(-20)?
73
Let v(g) = -31*g - 859. Calculate v(-23).
-146
Let o(y) = 1818*y - 2241600. Calculate o(1233).
-6
Let z(d) = 15*d**3 - 2*d**2 - 1854*d - 3705. Give z(-2).
-125
Let h(p) = 194*p + 15215. Calculate h(-91).
-2439
Let l(h) = -5*h**3 - 105*h**2 - 3*h + 13. Determine l(-21).
76
Let d(a) = 14*a**2 - 412*a - 2735. Calculate d(-6).
241
Let g(j) = j**2 + 483637*j - 2901850. Calculate g(6).
8
Let r(b) = -471*b**2 - 60*b - 53. What is r(-1)?
-464
Let c(i) = 4127*i + 358999. Give c(-87).
-50
Let t(c) = 2534*c - 31453. Determine t(12).
-1045
Let s(v) = -459*v - 2532. Calculate s(-6).
222
Let f(d) = -11750*d - 246752. Determine f(-21).
-2
Let k(p) = 6*p**2 + 65*p + 94. Give k(-5).
-81
Let y(x) = -12606*x - 138683. Calculate y(-11).
-17
Let u(b) = -37*b**2 - 431*b - 871. Give u(-9).
11
Let d(a) = a**3 - 151*a**2 + 3946*a + 1079. Give d(34).
-9
Let y(c) = -153*c + 11180. Calculate y(71).
317
Let r(n) = n**2 - 28239*n - 1046212. What is r(-37)?
0
Let u(v) = v**2 + 55853*v - 167571. Give u(3).
-3
Let i(f) = 18*f**3 - 4123*f**2 + 219*f + 3463. Calculate i(229).
1173
Let o(n) = -n**3 + 339*n**2 + 6452*n - 9286. Determine o(357).
-4
Let z(l) = -l**2 + 880*l - 27958. What is z(33)?
-7
Let w(z) = 26203*z - 445427. Calculate w(17).
24
Let v(y) = y**2 + 26223*y - 1366318. What is v(52)?
-18
Let p(f) = 1855*f + 11312. Calculate p(-6).
182
Let a(t) = -8*t**2 - 7350*t - 1504903. Determine a(-308).
-15
Let n(u) = u**3 + 7*u**2 - 119*u - 904. Give n(-9).
5
Let k(f) = f**3 + 567*f**2 - 11111*f + 12976. Determine k(-586).
-502
Let i(v) = v**3 - 93*v**2 + 150*v - 5321. Determine i(92).
15
Let d(q) = -q**2 + 83*q - 2377. Determine d(40).
-657
Let w(g) = -392*g + 78124. What is w(199)?
116
Let o(d) = d**3 - 524*d**2 - 609*d + 44062. Calculate o(525).
-38
Let b(s) = -6*s**2 - 1852*s + 1130. What is b(-309)?
512
Let q(h) = -23702*h + 876703. Determine q(37).
-271
Let h(b) = 9206*b + 36496. What is h(-4)?
-328
Let g(t) = 2*t**2 - 2836*t - 550478. What is g(-173)?
8
Let w(n) = -35*n + 904. Determine w(27).
-41
Let j(r) = -14*r**2 + 2259*r - 718. Calculate j(161).
87
Let c(z) = 3*z**3 - 885*z**2 - 6345*z + 924. Determine c(302).
18
Let l(d) = -2*d**3 + 41*d**2 - 153*d + 2602. Calculate l(20).
-58
Let y(k) = 15*k**2 + 495*k + 4941. Determine y(-10).
1491
Let a(m) = -2*m**3 + 853*m**2 + 1232*m + 22169. Give a(428).
-87
Let j(b) = 500*b**2 + 998*b - 6. What is j(-2)?
-2
Let m(a) = a**3 + 114*a**2 + 122*a + 576. What is m(-113)?
-441
Let o(j) = 2*j + 356. Calculate o(-25).
306
Let s(r) = r**3 - 329*r**2 - 1849*r + 877. Determine s(-6).
-89
Let u(k) = -5*k**2 + 15035*k + 75330. Calculate u(-5).
30
Let c(t) = 3*t**2 - 2061*t + 300499. What is c(210)?
-11
Let r(b) = 403*b - 51733. Calculate r(127).
-552
Let v(d) = 9711*d + 73012. Give v(-8).
-4676
Let c(a) = -9*a**3 - 94*a**2 + 9*a + 35. What is c(-11)?
541
Let j(i) = -4*i**3 - 66*i**2 + 72*i + 807. What is j(-17)?
161
Let l(a) = -a**3 - 37*a**2 + 855*a + 160. What is l(-53)?
-211
Let g(p) = 2393*p - 4683. Calculate g(2).
103
Let s(g) = -g**3 + 79*g**2 + 603*g - 617. Calculate s(86).
-531
Let z(f) = -f**2 + 4609*f + 11. What is z(0)?
11
Let r(s) = -5*s**3 - 56*s**2 + 442*s + 26. Give r(7).
-1339
Let y(k) = 12*k**3 - 1574*k**2 - 1443*k + 16233. Calculate y(132).
-3
Let y(t) = t**2 - 75*t + 1320. Calculate y(47).
4
Let h(f) = 1817*f + 35812. Calculate h(-17).
4923
Let g(r) = -r**2 + 6901*r + 1699088. What is g(-238)?
6
Let j(v) = 25600*v + 332800. Calculate j(-13).
0
Let g(x) = 100*x**2 - 101*x + 557. Give g(5).
2552
Let r(u) = -17*u**3 - 86*u**2 - 11*u - 49. Determine r(-5).
-19
Let o(t) = 2*t**2 - 83*t + 755. Calculate o(12).
47
Let g(z) = -351*z**2 + 214*z + 211. Give g(-1).
-354
Let d(s) = -3*s**2 + 2922*s + 52953. Give d(-18).
-615
Let b(n) = n**2 - 1179*n + 26700. What is b(23)?
112
Let q(m) = -145994*m + 146026. Determine q(1).
32
Let s(a) = a**3 - 240*a**2 - 239*a - 600. Give s(241).
-118
Let a(b) = 121*b**3 - 749*b**2 + 142*b + 11. Determine a(6).
35
Let r(p) = -91*p - 6321. Calculate r(-78).
777
Let p(d) = -d**2 - 1009*d - 19208. What is p(-19)?
-398
Let c(l) = l**3 + 42*l**2 - 165*l + 442. What is c(-46)?
-432
Let w(m) = m**2 - 245*m - 19109. What is w(-62)?
-75
Let m(f) = -11*f**3 + 46*f**2 + 217*f - 358. What is m(-6)?
2372
Let v(d) = d**2 + 592*d - 119658. Calculate v(159).
-249
Let a(r) = -3*r**3 - 46*r**2 - 457*r - 3005. Give a(-10).
-35
Let j(f) = -f**2 + 62065*f - 10830759. Give j(175).
-9
Let h(j) = -j**2 - 110*j + 14980. Give h(79).
49
Let x(g) = -g**3 - 17*g**2 + 246*g + 232. Calculate x(-26).
-80
Let q(d) = 941*d**2 - 9158*d + 18004. Give q(7).
7
Let u(c) = 279*c - 4225. Determine u(15).
-40
Let u(c) = -743*c + 50. Give u(0).
50
Let g(a) = -706*a + 10256. Give g(14).
372
Let h(q) = 192*q**2 - 5190*q + 155. Give h(27).
-7
Let x(f) = 9*f**2 + 38*f - 22357. Calculate x(-52).
3
Let n(y) = 6939*y**2 - 41655*y + 4. Determine n(6).
-122
Let t(m) = -17*m**2 - 5090*m - 2155. Calculate t(-299).
-62
Let z(y) = 74*y - 2588. Calculate z(36).
76
Let m(o) = 439*o + 2181. Determine m(-5).
-14
Let t(u) = -2*u**3 - 65*u**2 - 770*u - 23644. Give t(-32).
-28
Let j(l) = -